2 - 14*o - 6. Let j be a(-6). What is the greatest common divisor of j and 30?
6
Let p(s) = 63*s - 5. Let d be p(5). Let h be 2/8 - d/(-8). Let t(v) = -v**2 + 7*v + 1. Let y be t(3). What is the greatest common factor of y and h?
13
Suppose 9 = 3*g + 5*l, 5*g = 4*l + 10 + 5. Let j be (-2)/g*-1*84. Calculate the highest common divisor of j and 7.
7
Let p = -47 + 71. Let i = p - 15. What is the highest common divisor of 9 and i?
9
Let q(c) = -c**3 - 10*c**2 - 9*c + 5. Let l = 8 + -17. Let g be q(l). Let o = 14 - 9. What is the greatest common factor of g and o?
5
Let m(c) = -6*c**2 - 9. Let r(k) = -k**2 - k - 1. Let s(d) = -m(d) + 5*r(d). Let w be s(7). What is the greatest common divisor of 54 and w?
18
Let p(c) = -11*c**3 + 1. Let v be p(-1). Calculate the greatest common factor of v and 3.
3
Suppose 0 = -2*p + 10, -2*n + 12*p + 34 = 14*p. Suppose -24 = -j - 3*g, 3*g + 52 = 3*j + 7*g. Calculate the greatest common divisor of n and j.
12
Suppose 0 = 2*d - d. Suppose d = 9*q - 4*q - 455. Calculate the greatest common divisor of 13 and q.
13
Suppose -23 = -5*q + 7. Let c(y) = -2*y - 9. Let g be c(-6). What is the greatest common divisor of g and q?
3
Let b(n) = -2*n - 1. Let s be b(-6). Let v = s + -7. Let a be (25 + 1)/2 + (0 - 1). Calculate the greatest common factor of v and a.
4
Let q(m) = 6*m**3 - m**2 - m + 1. Let n be q(1). Suppose -z - 5*w + 105 = z, 2*w - 231 = -n*z. What is the greatest common divisor of 15 and z?
15
Suppose -4*z + 148 = 5*h, -5*h = -25 + 5. What is the highest common divisor of 16 and z?
16
Suppose -7*i + 2*i - 3*v = -136, -4*i + 100 = -2*v. Calculate the highest common divisor of i and 104.
26
Let j be 14/(1*-2) - 0. Let q = 23 + j. Suppose -4*b = -0*a + 2*a - 116, -5*a + b + 235 = 0. What is the highest common factor of a and q?
16
Suppose 2*w + 4*q - 112 = 0, -2*w + 13 = 3*q - 97. What is the highest common divisor of 130 and w?
26
Let k be (-6)/(-27) - 862/(-9). Suppose j - 5 - 7 = 0. What is the greatest common factor of j and k?
12
Suppose -2*o = 4*x + 2 + 6, 5*x + 3*o + 12 = 0. Let a(r) = r + 15. Let t be a(x). Calculate the greatest common factor of t and 45.
15
Suppose 0 = -0*b + 4*b - 40. Suppose 18 = 2*q - b. Calculate the greatest common factor of q and 35.
7
Let l = -3 + 11. Let u be (2 - -1)*(-1 + 3). Let d = 7 - u. Calculate the highest common divisor of d and l.
1
Suppose -4*d + 10 = -2. Suppose d*n + 3 = 0, -2*k + 4*n = -6*k + 132. What is the highest common divisor of k and 85?
17
Let v be ((-6)/14)/((-7)/49). Calculate the highest common divisor of 21 and v.
3
Let y be (3*-2)/(6/(-52)). Let h = -32 - -45. Suppose 3*b = 26 + h. What is the highest common factor of b and y?
13
Let n be (-12)/(-15) - (-884)/20. Suppose m - n - 6 = -u, -2*u - 3*m = -105. Calculate the highest common divisor of 6 and u.
6
Let c = -235 - -247. Let d be (6/(-4))/(2/(-4)). Calculate the greatest common divisor of c and d.
3
Suppose -3*s - 10 = -4*s. What is the highest common divisor of 40 and s?
10
Let t(h) = h**2 - 4*h - 21. Let x be t(-4). Suppose w + 3*w - 88 = 0. Calculate the greatest common divisor of x and w.
11
Let l be ((-6)/24*15)/((-3)/32). Let x(h) = -h**2 + 8. Let c be x(0). What is the highest common factor of c and l?
8
Let b(z) = z**3 + 9*z**2 + 5*z - 2. Let y be b(-8). What is the highest common factor of 22 and y?
22
Let f = -8 - 31. Let d = -4 - f. Let l(u) = u**2 - 2. Let c be l(-3). What is the greatest common divisor of c and d?
7
Suppose 0 = -3*n + 2*n + 20. Suppose -7 = -3*v + 4*u, u - n = -5*v + 30. Let z(l) = 2*l. Let g be z(v). What is the highest common factor of 18 and g?
18
Let h be (-4 - 9/((-45)/40)) + 6. What is the greatest common divisor of 5 and h?
5
Let v(u) = 2*u - 19. Let i be v(13). What is the highest common factor of i and 21?
7
Let r = -23 + 35. Calculate the highest common factor of r and 132.
12
Let m = -30 + 15. Let r be ((-12)/(-15))/((-2)/m). Calculate the highest common factor of r and 30.
6
Suppose x - 2*i - 60 = 37, -4*x = -3*i - 403. Let d be -2 + x + (1 - -3). Let c = 38 + -23. Calculate the highest common factor of d and c.
15
Let u = 1 + 10. Suppose 0 = 2*i + 59 - u. Let b be i/20*10/(-3). What is the greatest common factor of 36 and b?
4
Let a = -31 - -115. Calculate the greatest common factor of a and 12.
12
Suppose 2*y - 357 = 747. Let c be y/9 + 2/(-6). Let g be -3 + 3 + c - 1. Calculate the greatest common divisor of g and 15.
15
Suppose -2*s - 2*d + 41 = 3*d, -2*d = -2. Suppose -l + 3 = 0, 4*r - 150 = -3*l + l. What is the highest common divisor of s and r?
18
Suppose -h + n = -17, -5*h + h + 58 = -2*n. Let c = 25 - 13. Calculate the highest common factor of h and c.
12
Suppose -5*r = i - 28, r + 3*i = 5*i + 10. Let k be (2 - -1 - 3) + r. Suppose -l - 825 = -k*l. What is the highest common factor of 15 and l?
15
Let c(b) = 7*b + 154. Let y(z) = -10*z - 231. Let p(a) = -7*c(a) - 5*y(a). Let j be p(0). Suppose -2 - 9 = -s. Calculate the highest common divisor of s and j.
11
Let h = -105 + 147. What is the greatest common factor of h and 14?
14
Let a be 2/(-3) + (-80)/(-30). Suppose -4*h + a*d + 0*d = -8, h = -d + 5. Calculate the highest common factor of h and 33.
3
Suppose -30 = -2*i - 2*q, -i + 0*q + 5*q = 15. Let c be (-1)/5 - (-182)/i. What is the greatest common factor of c and 18?
18
Suppose b - 80 = -3*u, -1 = -u + 2*b + 21. Calculate the highest common factor of u and 26.
26
Suppose -5*i = -15, u = 5*i + 206 + 71. Let d = u + -148. What is the greatest common divisor of d and 18?
18
Let p be ((-4)/4)/1*-11. Suppose 73 = 2*q - 5*b, 0 = 8*q - 4*q - 3*b - 167. What is the greatest common divisor of q and p?
11
Let r be (-75)/(-3)*208/65. What is the highest common factor of r and 200?
40
Let c(d) = 2*d**2 + 6*d. Suppose -7*x = -2*x + 60. Let r be c(x). Calculate the highest common factor of 24 and r.
24
Let v(i) be the second derivative of -28*i**3/3 - i. Let h be v(-1). Suppose h = 2*t + 2*t. What is the highest common factor of 126 and t?
14
Let u be 146/4 + (-1)/2. Suppose -5*f + 2*b + 15 = 0, 3*b = -f + 3 - 0. Suppose 2*r + f = 27. Calculate the highest common divisor of u and r.
12
Suppose 0*d + 5*t = 5*d - 70, 2*t = -8. What is the highest common divisor of 10 and d?
10
Let x be ((-2)/4)/((-1)/6). Suppose -11 = -2*g - x. Suppose 0 = -y + g*y - 42. What is the greatest common divisor of 112 and y?
14
Let a be 4/2 + -1 - 2. Let f be 2*4/((-4)/a). Calculate the greatest common factor of f and 6.
2
Let d(a) = 19*a - 4. Let i be d(2). What is the greatest common factor of i and 34?
34
Let w(k) = 3*k**2 - 15*k - 2. Let f be w(8). Let r be (2/2)/(1/28). Calculate the highest common divisor of f and r.
14
Suppose 14 = 3*c + 5*o, 0*o - 4*o + 7 = c. Suppose 0 = c*h - 0*h. Suppose 7 + h = d. Calculate the highest common factor of d and 49.
7
Suppose 3 = -z + 6*m - 2*m, -3*z + m = -46. What is the greatest common factor of z and 34?
17
Let u be 36 + -6*(-10)/(-15). What is the greatest common divisor of u and 4?
4
Let a be 5/(-30) + 259/6. Let w = a + -23. Calculate the greatest common divisor of 5 and w.
5
Suppose 3*p + 40 = 3*r - 41, 0 = -3*r - p + 69. What is the greatest common divisor of 40 and r?
8
Let h = -1 - -4. What is the greatest common factor of h and 6?
3
Let x be 3/((2 - 1)*-1). Let t be (5/x)/(1/3). Let p = t + 7. Calculate the greatest common divisor of 10 and p.
2
Let p(i) = -i**3 + 7*i**2 + 8*i + 6. Let x be p(8). Let t be (x + -8)/((-1)/2). Let w be (-1)/(-4) - (-79)/t. What is the greatest common factor of w and 40?
20
Let r(l) = l**3 + 5*l**2 + 5*l. Let f be r(-3). What is the greatest common factor of f and 21?
3
Suppose r = 6*r - 15. Suppose -60 = -r*n + n. Calculate the greatest common factor of 6 and n.
6
Let t be 0/1 - 4/(-2). Let k be t*48*3/4. What is the highest common factor of 18 and k?
18
Let s = -14 + 32. What is the greatest common divisor of 6 and s?
6
Let m(f) = 2*f - 12. Let z be m(12). What is the greatest common factor of 4 and z?
4
Let g be 28 - (-7)/((-14)/(-4)). Calculate the highest common divisor of g and 45.
15
Let z = 34 - 25. Calculate the greatest common factor of z and 9.
9
Let a(k) = 3*k**2 + 5*k. Let u be a(-4). What is the highest common factor of 224 and u?
28
Suppose 24 = 2*x + 3*i, 0 = x + 5*i - 4*i - 10. L